*k - 2*k - 3, 2*k - 4*h = 16. Let v be (-3)/6 - (-5)/2. Let u = k - v. What is the units digit of u?
4
Suppose 5*d + 36 = 2*t - 4, 3*d - 4*t = -10. What is the units digit of (-195)/(-6) - 5/d?
3
Let l = 12 - 7. What is the units digit of ((-4)/l)/((-3)/60)?
6
Let a be 4/6 + 66/9. Let z(y) = -y**2 + 8*y + 5. Let q be z(a). Suppose -11 - 9 = -q*i. What is the units digit of i?
4
Let k = -64 + 14. Let m = -30 - k. What is the tens digit of m?
2
Suppose 4*g = -10 + 194. What is the tens digit of g?
4
Suppose 0 = -3*g + 144 - 30. What is the tens digit of g?
3
Suppose -6*x = -4*x + 3*m, 0 = 2*x + m - 8. What is the units digit of 2 - 2*x/(-4)?
5
What is the tens digit of (-426)/(-18) - 2/(-6)?
2
Suppose -3*t + 7*t = 0. Suppose -3*a - 3*v + 30 = t, 4 = a - 4*v - 16. What is the units digit of a?
2
Let m(v) = -2*v - 9. Suppose 4*s + 4*l - 34 - 22 = 0, -2*l - 91 = -5*s. Let p = s + -24. What is the units digit of m(p)?
5
Suppose 29 = -4*y + 129. Suppose -2*j + y = 3*j. What is the units digit of j?
5
Suppose 2*l = -2*p + 2, -l + 0*p - 19 = 5*p. Let s = l + -9. Let u = 1 - s. What is the units digit of u?
4
Let n(d) = d**2 - 11*d - 5. What is the units digit of n(17)?
7
Let s(t) = 2*t**2 + t + 7. Let h be s(6). Suppose 0 = 3*n - 3*w - h - 29, -4*n = -w - 152. What is the tens digit of n?
3
Suppose 5*j + 2*y + 3 - 15 = 0, 4*j = -4*y. Suppose -15 = b - j*b. Suppose 5*u = -5, -2*i + b*u = 2*u - 15. What is the units digit of i?
6
Let t(g) = 3*g. Let b be t(1). Suppose 4*r + 133 = -3*o, -5*o = -r + 2*r + 29. What is the units digit of r/(-8) + b/(-12)?
4
What is the units digit of 1178/7 + (-8)/28?
8
Let f = -17 - 7. What is the units digit of 180/27*f/(-10)?
6
Let d = 8 - -8. Let q(g) = -g**3 + 9*g**2 - g + 11. Let c be q(9). What is the units digit of 28/d + c/8?
2
Let k(g) = g - 4. Let w be k(8). Suppose 0 = 2*b + w*o - 26, 0 = -2*b - 3*o - 0*o + 27. Suppose 4*x - 13 = b. What is the units digit of x?
7
Let a be (-7 + (0 - -2))/(-1). What is the units digit of 4/a - 3/(-15)?
1
Suppose -25 = 6*f - f, -25 = -5*w + f. Suppose 5*n - w*n - 26 = 0. Suppose 5*y = 3*q - 28, n = 2*q - 2*y + 6*y. What is the units digit of q?
1
Suppose -4*b - b + c = -27, 4*c = -8. Suppose b*i - 40 = -0*i. What is the units digit of i?
8
Suppose 7*q - 493 + 122 = 0. What is the tens digit of q?
5
Suppose 4 = f + 1. Suppose 0 = -2*k + 4*o - 92, -5*o = f*k - 3*o + 130. What is the units digit of 46/11 - (-8)/k?
4
Suppose 3*g + 5*u + 2 - 425 = 0, -5*g = -4*u - 742. Let w = -96 + g. What is the tens digit of w?
5
Let q = -4 - -8. Suppose -41 = -4*a - 2*c + 29, 20 = 2*a - q*c. What is the units digit of a?
6
Let b(k) be the first derivative of -2*k**2 + 3*k - 5. What is the units digit of b(-5)?
3
Suppose -4*n = -2*u - 15 - 91, -u + 109 = 4*n. What is the units digit of n?
7
Suppose -1012 = -14*p + 10*p. What is the hundreds digit of p?
2
Suppose -2*n + 7 + 3 = 0. Suppose -n*u + v + 39 = 5*v, 2*u + v - 15 = 0. What is the units digit of u?
7
Let r = 9 - 8. What is the units digit of 12/(-7)*(-8 + r)?
2
Let l(c) be the first derivative of -5*c**2/2 - 4*c - 3. What is the tens digit of l(-7)?
3
What is the units digit of (19/(-2))/(((-8)/(-4))/(-4))?
9
What is the units digit of 3 + 0 + (-28)/(-14)?
5
Let x(a) = 11*a + 8. Let m(p) = 7*p + 5. Let z(t) = -8*m(t) + 5*x(t). Let d = -7 - -3. What is the units digit of z(d)?
4
What is the hundreds digit of (-32)/(-80) + (-3)/((-15)/2188)?
4
Let g be (-13)/(-4) - (-2)/(-8). Let k(i) = i**2 - 5*i. Let m be k(5). Let q = m + g. What is the units digit of q?
3
Let i(t) = -t. Let d be i(4). Let u(k) = -3*k + 3*k**2 - 2*k**3 + 1 + 3*k**3 - 2*k. What is the units digit of u(d)?
5
Suppose 2*w - 180 = s, -3*s = -2*w - 25 + 197. Suppose -t = p - 15, -3*p + 4*t + w - 26 = 0. What is the units digit of p?
8
Let r be 8/12 + (-11)/3. Let g be (2/(-3))/(r/18). Let m(v) = v - 3. What is the units digit of m(g)?
1
Let x be (-16)/72 + 20/9. Suppose 2*o + i = -2*i + 10, x*i - 8 = -2*o. What is the units digit of o?
2
Suppose -k + 696 = 4*k - 3*b, 0 = 5*b + 10. What is the hundreds digit of k?
1
Suppose z + z = 3*x + 18, 0 = -5*z + 5*x + 35. Suppose a = -z*a + 160. Let v = -27 + a. What is the units digit of v?
3
Suppose -5*x - 20 + 5 = 0. Let d = 7 + x. What is the units digit of d?
4
Suppose -2*g + 6*g = -8, 47 = -3*n + 2*g. Suppose 2*r - 28 = r. Let y = r + n. What is the units digit of y?
1
Let w = 166 + -76. What is the tens digit of w?
9
Let k = 7 + -5. What is the units digit of (-27)/(-12) - k/8?
2
Let i(w) = -4*w**2 - 7*w - 2. Let r(p) = -3*p**2 - 7*p - 1. Suppose 0 = 2*c - c - 4. Let v(k) = c*i(k) - 5*r(k). What is the units digit of v(6)?
3
Let w(g) = g**2 - 5*g - 11. What is the units digit of w(8)?
3
Let t(p) = p**3 + 4*p**2 - 2*p + 2. Let f = -19 - -8. Let q(y) = 5*y**3 + 20*y**2 - 9*y + 11. Let k(i) = f*t(i) + 2*q(i). What is the units digit of k(-5)?
5
Suppose -2*c - 5*m + 116 = 0, 5*c - 290 = -3*m - 2*m. Let y = c + -40. What is the units digit of y?
8
Let x = -28 + 13. Let g = x - -26. What is the units digit of g?
1
What is the units digit of 286 + (6/2)/(-3)?
5
Let w(y) = -y**3 + 8*y**2 + 10*y - 12. Let s be w(9). Let g(k) = k**3 + 5*k**2 + 5*k + 2. What is the units digit of g(s)?
5
Let w be 2/1*-1*-5. Let g be (-5)/w - (-98)/4. Suppose -2*o - 10 = -g. What is the units digit of o?
7
Suppose w + 100 = 5*w. Let z = w + -17. What is the units digit of z?
8
Let i = 40 - -5. What is the units digit of i?
5
Let w be (5 - 6/3) + 0. Suppose 0 = s - 5*x - 4, 8*s - w*s = -x + 46. What is the units digit of s?
9
Suppose -c + 3*i + 257 = i, 2*i - 1225 = -5*c. What is the units digit of c?
7
What is the hundreds digit of (-7630)/(-22) - (228/(-44) + 5)?
3
Let u be -3*(-1*3 - -2). Let q(v) = v**2 - 3*v - 2. Let m be q(u). What is the units digit of (m - -1)*2*-5?
0
Suppose 10*p = 13*p - 6. What is the units digit of p?
2
What is the tens digit of (-1)/((-12)/(-112))*-3?
2
Let a(z) = 4*z**3 - 3*z + 3. Let s be a(2). Let u = 42 - s. What is the tens digit of u?
1
Let v = 3 + -4. Let q be v/((-3)/6) - 1. Let w = q - -1. What is the units digit of w?
2
Let n(t) = t**3 + 6*t**2 - 6*t + 9. Let j be n(-7). Suppose 54 = 4*v + j. What is the tens digit of v?
1
Suppose -4*j - 10 = -5*j. Suppose -6*y = -j*y + 36. What is the units digit of y?
9
Let g(j) = j - 1. Let q(d) = -14*d + 9. Let b(f) = 6*g(f) + q(f). What is the tens digit of b(-3)?
2
Suppose 0 = o + o - 2. Let z = o + 1. Suppose -7*f = -z*f - 25. What is the units digit of f?
5
Let q(k) = -2*k - 2. Let f be q(-3). Let a = -3 + f. What is the units digit of a?
1
Let f be ((-20)/(-15))/(2/6). Suppose -f*k - 40 = -9*k. What is the units digit of k?
8
Let k(s) = -s**2 + s + 2. Let g be k(2). What is the units digit of ((-2)/4 + g)*-26?
3
Let p(x) = x**3 - x**2 - 4*x - 5. What is the units digit of p(4)?
7
Let x(o) = 5*o**2 + 4. What is the units digit of x(3)?
9
Let n be 63 - 5/((-20)/12). Suppose -5*i + n = -2*i. What is the units digit of i?
2
Suppose 1 = -g - 2*s - 11, 2*g - 4*s = 8. What is the units digit of (g - -2)/2 + 2?
1
Let r(k) = 4*k. Let u be r(1). Suppose 2*n = 4*n. Suppose v - u*v + 3 = n. What is the units digit of v?
1
Suppose 3*h + 17 + 7 = 0. Let m(s) = -s - 4. Let f be m(h). What is the units digit of (3/(-6))/((-1)/f)?
2
Let p(u) = -u + u**3 + 8*u**2 - 6 - 10*u + 2*u - u**2. Let m be p(-8). Suppose -26 = -g + 6*h - m*h, -4 = -2*g - 4*h. What is the tens digit of g?
1
Let b(r) = 2*r**2 + 23*r + 28. What is the units digit of b(-14)?
8
Let m = 24 + -24. Suppose 4*p - 16 = 0, 105 = -m*g + 3*g + 3*p. What is the tens digit of g?
3
Let v(g) = g**2 + 2*g - 2. What is the units digit of v(-3)?
1
What is the tens digit of ((-27)/(-4))/(-2 + 166/80)?
9
Suppose 2*c + 14 = -50. Let p = 54 + c. What is the tens digit of p?
2
Let n = -55 + 96. What is the units digit of n?
1
Suppose -3*s + 56 = 3*h + s, -21 = -3*h + 3*s. Let a be h/(-8) + 6/4. Suppose a = -0*n - 4*n + 76. What is the tens digit of n?
1
Suppose c + 12 = 13. What is the units digit of c?
1
What is the units digit of (9/(-6))/(6/(-108))?
7
Suppose o = 9 + 10. Suppose 0 = 2*g - 4 - 2. Suppose 0 = -4*j - h + 9, g*j - o = -j - 3*h. What is the units digit of j?
1
Suppose 0 = 3*f + w - 86, 2*f + w = -3*w + 64. What is the units digit o